e factors of 148063?
148063
List the prime factors of 16165888.
2, 15787
List the prime factors of 1138529.
7, 41, 3967
List the prime factors of 214458.
2, 3, 31, 1153
What are the prime factors of 841840?
2, 5, 17, 619
List the prime factors of 367577.
7, 52511
What are the prime factors of 1015173?
3, 83, 151
List the prime factors of 16754205.
3, 5, 13, 151, 569
What are the prime factors of 1593506?
2, 41, 19433
List the prime factors of 7654570.
2, 5, 7, 11, 9941
What are the prime factors of 4632582?
2, 3, 772097
List the prime factors of 21254852.
2, 23, 231031
What are the prime factors of 685298?
2, 277, 1237
List the prime factors of 2263514.
2, 11, 137, 751
What are the prime factors of 282491?
11, 61, 421
List the prime factors of 27292.
2, 6823
What are the prime factors of 19321?
139
What are the prime factors of 191441?
191441
What are the prime factors of 92829?
3, 11, 29, 97
What are the prime factors of 517271?
127, 4073
List the prime factors of 267885.
3, 5, 5953
List the prime factors of 2430090.
2, 3, 5, 13, 31, 67
List the prime factors of 840362.
2, 29, 14489
What are the prime factors of 3316710?
2, 3, 5, 110557
List the prime factors of 734593.
353, 2081
What are the prime factors of 96744?
2, 3, 29, 139
What are the prime factors of 357876?
2, 3, 9941
What are the prime factors of 339680?
2, 5, 11, 193
List the prime factors of 107776.
2, 421
What are the prime factors of 1325858?
2, 19, 23, 37, 41
List the prime factors of 565483.
565483
What are the prime factors of 5408560?
2, 5, 67607
What are the prime factors of 1424505?
3, 5, 23, 4129
List the prime factors of 3500814.
2, 3, 583469
List the prime factors of 18043.
18043
List the prime factors of 90151.
17, 5303
List the prime factors of 27271217.
27271217
What are the prime factors of 25907580?
2, 3, 5, 47977
What are the prime factors of 1947908?
2, 486977
What are the prime factors of 2136405?
3, 5, 142427
List the prime factors of 5532173.
19, 291167
What are the prime factors of 20545?
5, 7, 587
What are the prime factors of 694430?
2, 5, 11, 59, 107
List the prime factors of 243709.
243709
What are the prime factors of 1715244?
2, 3, 19, 7523
List the prime factors of 10010690.
2, 5, 1001069
What are the prime factors of 628841?
628841
List the prime factors of 266233.
11, 24203
What are the prime factors of 8230401?
3, 19, 48131
What are the prime factors of 12631758?
2, 3, 61, 34513
List the prime factors of 5423788.
2, 1355947
List the prime factors of 171701.
103, 1667
What are the prime factors of 2356697?
7, 336671
What are the prime factors of 1461764?
2, 365441
What are the prime factors of 25093416?
2, 3, 1045559
List the prime factors of 77773.
77773
List the prime factors of 5718948.
2, 3, 476579
What are the prime factors of 2683949?
31, 86579
List the prime factors of 370684.
2, 92671
List the prime factors of 10649754.
2, 3, 591653
What are the prime factors of 11369224?
2, 1421153
What are the prime factors of 1229593?
17, 151, 479
What are the prime factors of 16040356?
2, 4010089
What are the prime factors of 3375317?
11, 306847
List the prime factors of 141141.
3, 7, 11, 13, 47
List the prime factors of 13389010.
2, 5, 29, 137, 337
What are the prime factors of 2235604?
2, 7, 79843
What are the prime factors of 422547?
3, 61, 2309
What are the prime factors of 3883188?
2, 3, 323599
What are the prime factors of 1871792?
2, 13, 8999
What are the prime factors of 197134?
2, 7, 14081
List the prime factors of 5050344.
2, 3, 13, 16187
List the prime factors of 8895305.
5, 139, 12799
What are the prime factors of 1453515?
3, 5, 7, 109, 127
List the prime factors of 247553.
247553
What are the prime factors of 4690482?
2, 3, 23, 41, 829
What are the prime factors of 2984481?
3, 331609
What are the prime factors of 15627180?
2, 3, 5, 260453
What are the prime factors of 3533665?
5, 706733
What are the prime factors of 1110857?
11, 100987
What are the prime factors of 235506?
2, 3, 39251
List the prime factors of 14815021.
13, 523, 2179
List the prime factors of 3092035.
5, 618407
What are the prime factors of 66176?
2, 11, 47
List the prime factors of 9427436.
2, 29, 67, 1213
What are the prime factors of 17242256?
2, 1077641
List the prime factors of 506572.
2, 11, 29, 397
What are the prime factors of 455064?
2, 3, 67, 283
What are the prime factors of 229766?
2, 114883
What are the prime factors of 16492?
2, 7, 19, 31
What are the prime factors of 28217?
7, 29, 139
What are the prime factors of 1554866?
2, 777433
List the prime factors of 3189933.
3, 239, 1483
List the prime factors of 550271.
43, 67, 191
List the prime factors of 184071.
3, 61357
List the prime factors of 375017.
375017
What are the prime factors of 964119?
3, 13, 59, 419
List the prime factors of 1263918.
2, 3, 19, 11087
What are the prime factors of 3209631?
3, 131, 8167
What are the prime factors of 38729064?
2, 3, 11, 146701
List the prime factors of 154810.
2, 5, 113, 137
What are the prime factors of 1543166?
2, 771583
List the prime factors of 4279689.
3, 158507
List the prime factors of 40781.
13, 3137
List the prime factors of 3583325.
5, 143333
List the prime factors of 590926.
2, 7, 42209
List the prime factors of 2342226.
2, 3, 17, 22963
What are the prime factors of 648974?
2, 131, 2477
What are the prime factors of 4383107?
4383107
What are the prime factors of 93791?
71, 1321
List the prime factors of 4205642.
2, 7, 23, 37, 353
What are the prime factors of 55220?
2, 5, 11, 251
List the prime factors of 1355798.
2, 79, 8581
List the prime factors of 13388962.
2, 17, 31, 12703
List the prime factors of 815328.
2, 3, 19, 149
List the prime factors of 429763.
71, 6053
List the prime factors of 193853.
11, 17623
List the prime factors of 4029266.
2, 607, 3319
What are the prime factors of 182917?
7, 3733
List the prime factors of 22835478.
2, 3, 59, 251, 257
List the prime factors of 204987.
3, 68329
What are the prime factors of 12115732?
2, 137, 22109
List the prime factors of 3375360.
2, 3, 5, 293
What are the prime factors of 14584450?
2, 5, 291689
What are the prime factors of 205103?
205103
List the prime factors of 6236810.
2, 5, 623681
List the prime factors of 331358.
2, 43, 3853
List the prime factors of 816963.
3, 7, 38903
What are the prime factors of 7503806?
2, 739, 5077
List the prime factors of 1404716.
2, 351179
List the prime factors of 1351917.
3, 7, 23, 311
List the prime factors of 638675.
5, 59, 433
List the prime factors of 20894.
2, 31, 337
List the prime factors of 5546966.
2, 37, 74959
List the prime factors of 2224374.
2, 3, 31, 11959
List the prime factors of 3793484.
2, 41, 23131
What are the prime factors of 1042815?
3, 5, 19, 3659
What are the prime factors of 620401?
620401
List the prime factors of 17712409.
11, 13, 123863
List the prime factors of 5979227.
1487, 4021
What are the prime factors of 187210?
2, 5, 97, 193
List the prime factors of 4371104.
2, 23, 5939
List the prime factors of 1094511.
3, 11, 17, 1951
List the prime factors of 854842.
2, 427421
What are the prime factors of 6258794?
2, 173, 18089
List the prime factors of 197683.
197683
List the prime factors of 90431.
11, 8221
What are the prime factors of 158408?
2, 19801
What are the prime factors of 8108392?
2, 311, 3259
What are the prime factors of 3243937?
3243937
List the prime factors of 4777769.
4777769
What are the prime factors of 8780208?
2, 3, 182921
List the prime factors of 53330.
2, 5, 5333
List the prime factors of 16526.
2, 8263
List the prime factors of 710569.
710569
What are the prime factors of 1964702?
2, 982351
List the prime factors of 213244.
2, 89, 599
List the prime factors of 4952634.
2, 3, 825439
What are the prime factors of 771621?
3, 31, 8297
What are the prime factors of 4507035?
3, 5, 13, 29, 797
List the prime factors of 4188174.
2, 3, 59, 11831
List the prime factors of 3244260.
2, 3, 5, 139, 389
List the prime factors of 1026311.
11, 13, 7177
What are the prime factors of 3132604?
2, 783151
What are the prime factors of 57872?
2, 3617
What are the prime factors of 3400767?
3, 379, 997
List the prime factors of 141715.
5, 7, 4049
What are the prime factors of 654188?
2, 67, 2441
List the prime factors of 138510.
2, 3, 5, 19